ime factors of 1/(3*g/189).
3, 7
Suppose -34024 - 2716 = -5*x. List the prime factors of x.
2, 11, 167
Suppose -2*v = -4*d + 20, -d - 20 = -3*v - 5*d. List the prime factors of 810 - -4 - v/(-2).
2, 11, 37
Suppose 0*u + 83595 = 4*v - 5*u, -3*u = v - 20903. What are the prime factors of v?
2, 5, 11, 19
Suppose 0 = 6*q + q + q - 59960. What are the prime factors of q?
5, 1499
Let n(z) be the second derivative of z**4/12 - 2*z**3/3 + 295*z**2/2 - 7*z. List the prime factors of n(0).
5, 59
Let b(q) = -25*q - 11*q**2 + 5*q**2 + 60 + 12*q**2 + 9. What are the prime factors of b(9)?
2, 3, 5, 11
Let b(n) = -n**3 - 3*n**2 + 110*n - 140. List the prime factors of b(-16).
2, 3, 7, 17
Let u(m) = 21*m - 131. Let a be u(9). Let d = a - -124. What are the prime factors of d?
2, 7, 13
Suppose -620*i - 10713738 = -938*i. What are the prime factors of i?
7, 4813
Suppose -101800 = -7639*r + 7619*r. What are the prime factors of r?
2, 5, 509
List the prime factors of (23 - 8094360/(-80))*(-8)/(-10).
2, 7, 5783
Let j be 24/(-10)*10/4. What are the prime factors of 27716/32 + j/96*2?
2, 433
Suppose -3*x - 3122 = -5*s, -5*s - 10*x + 3098 = -7*x. Let c = s - -102. List the prime factors of c.
2, 181
Suppose -b = 3*d - 7566, 5*d = 3*b - 6579 - 16119. List the prime factors of b.
2, 3, 13, 97
Let u = -407 - -421. Suppose u*m - 9*m - 350 = 0. What are the prime factors of m?
2, 5, 7
Suppose 14*c = 10*c - 3*t + 96292, 2*c = -t + 48148. What are the prime factors of c?
2, 13, 463
Let b(n) = -6303*n - 178. What are the prime factors of b(-1)?
5, 7
Suppose -4 = 4*l + 4. Let s be 16548/105 + l/(-5). Suppose s = -5*m + 433. What are the prime factors of m?
5, 11
Let t = -4113 + 5788. Let q = t - 618. List the prime factors of q.
7, 151
Suppose 2*r - 34392 = w, -7*w - 13159 - 3998 = -r. List the prime factors of r.
3, 7, 13
Suppose -926 + 3199 = -3*i + 4*l, -755 = i - 2*l. Let y = i - -1940. What are the prime factors of y?
11, 107
List the prime factors of (-51)/(-102) + 6/(-4) + 4707.
2, 13, 181
Suppose -10*v + 193626 = 4*b - 12*v, -5*b - 5*v = -242040. List the prime factors of b.
48407
What are the prime factors of (74852/(-24)*-1 + 22/132)*11?
11, 3119
Suppose -s = 6*w - w - 141648, -5*w + 2*s + 141654 = 0. List the prime factors of w.
2, 5, 2833
Let w = 9247 - -936. What are the prime factors of w?
17, 599
Let o = 4426 + -2814. What are the prime factors of o?
2, 13, 31
Let v = -2365 + 4374. What are the prime factors of v?
7, 41
Suppose 5*q - 2*j + 7*j - 20 = 0, -5*q = -j - 8. Suppose -3*x = 5*k - 12, k = q*x - 0*k + 5. What are the prime factors of x*(-7)/((-35)/(-275))?
5, 11
Let k = 32049 + -5868. List the prime factors of k.
3, 2909
Let z(b) = 66*b + 331. Let y be z(-5). List the prime factors of y/((-100)/8) + 790236/450.
2, 439
Suppose 14*d - 32303 = 10*d - 3*h, 2*h - 10 = 0. List the prime factors of d.
2, 1009
Suppose -2*j + 430 = -6*n + 4*n, -4*j + n = -875. Suppose -215*o = -j*o + 1775. List the prime factors of o.
5, 71
Let z = 251 - 256. List the prime factors of 1562/((4/5)/((-2)/z)).
11, 71
Suppose 3*b = 4*c - 5, 3*b - 26 = c - 16. Let g(q) = 210*q + 1. Let a be g(1). Suppose 0 = -c*f + 686 - a. List the prime factors of f.
5, 19
Let r(l) = 5*l**2 - 19*l + 9. Suppose 0 = -8*i + 18 + 30. Let u be r(i). Suppose w + b = u, -2*w - 4*b + 162 = b. List the prime factors of w.
71
Suppose -45 = 5*t - 3*k + 15, 5*k = t + 34. Let i be (-2 - 60/(-27)) + (-25)/t. Suppose -g + 72 = i*n, g + 402 = 6*g + n. What are the prime factors of g?
3
Let q = 9050 + 2165. What are the prime factors of q?
5, 2243
Suppose j - 27890 = -5*t, 5*j + 70*t - 69*t - 139426 = 0. List the prime factors of j.
3, 5, 11, 13
Suppose 49379 + 34941 = 4*s. Suppose -s = 28*z - 45*z. List the prime factors of z.
2, 5, 31
Let r = 243 + 68. Let j = r + -183. List the prime factors of j.
2
Suppose r - 10*b = 10438 + 8950, -2*r + 4*b = -38888. What are the prime factors of r?
2, 3, 23, 47
Suppose 1050929 - 12800 = 102*b - 1249221. What are the prime factors of b?
3, 5, 13, 23
Let o be (2348 - 11)*(-3 + 4). Let s(u) = 4*u + 1. Let t be s(-2). List the prime factors of 2/t - (o/(-7))/3.
3, 37
Let q(x) = x**3 - 17*x**2 + 45*x - 39. Let h be q(14). Suppose 2*w - 93*a = -94*a + 2153, -h*a + 15 = 0. List the prime factors of w.
2, 3, 179
Let x(o) = 14*o + 153. Let m be x(-10). Let w = m + 423. List the prime factors of w.
2, 109
Let a(n) = 99*n**2 + 2*n + 16. Let d be a(6). Suppose 4512 = 3596*b - d*b. What are the prime factors of b?
2, 3, 47
Suppose 45*s + 76985 = 50*s + 5*u, -s - 2*u = -15391. What are the prime factors of s?
73, 211
Let h = 3980 - 3367. List the prime factors of h.
613
Suppose -4*n - 8 = 0, -86*y + 4*n - 26635 = -89*y. List the prime factors of y.
83, 107
Let j be 153/(-21) - 30/(-105). Let x(r) = 7*r**2 - 4*r - 4. What are the prime factors of x(j)?
367
Let d(u) = -u**3 - u**2 + 3*u + 373. Let i be d(0). Suppose -i = -3*b + 2*b + a, 0 = -b + 5*a + 389. List the prime factors of b.
3, 41
Let i = -4721 + 6857. What are the prime factors of i?
2, 3, 89
Let t(p) = 60 + 550 - 8*p - 274 + 359. List the prime factors of t(0).
5, 139
Let g be -4*25/(-20) - (-1 + 4). Suppose -2*z = -5*d - 6*z + 6, 5*z = g*d - 9. Suppose -3*n + 688 = -d*i, 5*i = -2*n + 249 + 197. List the prime factors of n.
2, 3, 19
Suppose 0 = -3*u - 4*n + 1936, 0*u = 4*u - 2*n - 2596. Let q = u - 336. Let m = q + -137. What are the prime factors of m?
5, 7
Suppose 131 = -6*f + 143. Suppose f*t - 3*x + 2*x = 935, -1400 = -3*t - x. List the prime factors of t.
467
Let z(k) = k**3 - k**2 - 15*k + 12. Let w be z(4). Suppose -2*f = 5*j + f - 209, -5*j + 5*f + 185 = w. List the prime factors of j.
2, 5
Let q(n) = 34*n**2 - 51*n - 520. What are the prime factors of q(-11)?
3, 5, 277
Let f be (-138)/21 + (-12)/(-21). Let w(a) = a**3 + 5*a**2 - 8*a - 12. Let k be w(f). Suppose 6*v - 16*v + 1160 = k. What are the prime factors of v?
2, 29
Suppose -56*g + 836919 + 177241 = 0. List the prime factors of g.
2, 5, 1811
Suppose 0 = 6*q - q + 3*w + 54, -3 = -q + 4*w. Let t be (q/15)/(1/15*-3). Suppose 5*j - t*j - 4 = 0. What are the prime factors of j?
2
Suppose 3*b = -l + 12, 7*l = 2*l + 5*b + 20. Suppose l*d - d + 4*x - 750 = 0, 4*x - 312 = -2*d. List the prime factors of d.
2, 73
Suppose 0*p - 21645 = -13*p. Let b = 2418 - p. List the prime factors of b.
3, 251
Let u = -359 + 372. Suppose u*z - 8*z - 620 = -4*p, 2*z = 2*p + 248. What are the prime factors of z?
2, 31
Suppose 2*a = 4*a - 4. Suppose -5*g - a*v + 1067 = 0, -2*g = 3*v - 10 - 408. List the prime factors of g.
5, 43
Suppose -4*w + z + 134083 = -25350, 5*w - 2*z - 199295 = 0. List the prime factors of w.
39857
Let l(a) = 3*a + 23. Let r be l(-3). Let h(k) = k + 20. List the prime factors of h(r).
2, 17
Suppose 3*g = 3 + 6. Suppose -9 - g = -3*f. What are the prime factors of (17 - 13)*(1 - (-33)/f)?
37
What are the prime factors of (2/6)/((-52)/(-817908))?
7, 107
Let n(o) = 16*o**3 + 7*o**2 - 10*o + 58. What are the prime factors of n(5)?
37, 59
Let v(h) = -72*h**3 - 4*h**2 - 4*h - 3. Suppose -3*g = 69 - 63. What are the prime factors of v(g)?
5, 113
Let y(u) = 123*u + 8. Let i(j) = j - 1. Let b(a) = 2*i(a) - y(a). Let l be 1/(-34) + (-8375)/4250. What are the prime factors of b(l)?
2, 29
Let n(x) = x**3 + 7*x**2 + 9*x - 11. Let k be n(-5). What are the prime factors of (k - 953)*(-2)/7*2?
2, 137
Suppose -3 = -0*f - f + n, -2*n - 2 = -4*f. Let k(x) = -25*x**3 + x**2 + 3*x + 3. What are the prime factors of k(f)?
3, 67
What are the prime factors of (8286/(-4))/(-6*(-20)/(-240))?
3, 1381
List the prime factors of -2032*((-4)/((-20)/35) - 8).
2, 127
Let u(i) = 10*i + 159. Let c(p) = -19*p - 317. Let r(f) = 3*c(f) + 7*u(f). What are the prime factors of r(20)?
2, 211
Suppose -24*z + 2115 = -8997. What are the prime factors of z?
463
Let x be (0/(-3))/(-1*(1 - 2)). Suppose x = -2*v + 1278 + 44. Suppose -4*g = -19 - v. List the prime factors of g.
2, 5, 17
Let n be ((-1)/2 - (-7)/(-2))*-1. Suppose -r + n*r - 6 = 0. Suppose -3*g - q + 400 = r*g, -q + 80 = g. What are the prime factors of g?
2, 5
Suppose 72*y + 94465 = 1975321. List the prime factors of y.
151, 173
Suppose 4*n - 105 = n. Suppose -34*s + n*s - 32 = 0. Let k = 158 - s. List the prime factors of k.
2, 3, 7
Suppose n = -4*